What is the highest common factor of w and 2?
2
Suppose l - u - 2*u - 529 = 0, 1647 = 3*l + 3*u. Calculate the highest common divisor of 204 and l.
68
Let o be 8533/77 + (-2)/(-11). What is the highest common divisor of 74 and o?
37
Let i(o) = 15*o**2 + 5*o + 1. Let p be i(-2). Calculate the greatest common factor of p and 119.
17
Suppose 0 = 2*f - 46 - 108. Suppose 38*n - 4*d + 21 = 41*n, 2*n - 3*d - 31 = 0. What is the highest common factor of f and n?
11
Let i = 108 + 134. What is the greatest common factor of 88 and i?
22
Suppose 4*m - 24 = 2*c, -3*c - 6 = -0. Suppose -4*r + 37 = -m*w, 4*r + 4*w + 7 = -1. Suppose 17 = r*y - 28. What is the highest common divisor of 15 and y?
15
Suppose z = -4*z + 145. Let d = -2834 - -2863. Calculate the highest common factor of d and z.
29
Let b(w) = -w**2 - 6*w + 7. Let r be b(-7). Suppose y = -3*y - 3*k - 337, 5*y + 3*k + 422 = r. Let l = y + 184. What is the greatest common factor of l and 9?
9
Suppose 132 = -7*q + 412. Suppose 8*g + 8 = q. Calculate the greatest common divisor of g and 10.
2
Suppose 593*g - 588*g = 50. Let c be (0 - -10)/(4/2). What is the highest common divisor of c and g?
5
Let a(h) = -h**3 + 4*h**2 + 6*h. Let r be a(5). Suppose -5*w + 5*m + 20 = 0, -2*w + 4*w - r*m - 8 = 0. Calculate the highest common divisor of w and 4.
4
Let b = -42 + 60. Let u be 5*((-6)/b)/(1/(-21)). What is the greatest common divisor of 105 and u?
35
Suppose 0 = 3*t + 5*x - 62, 3*t - 53 = -x - 7. What is the greatest common factor of t and 413?
7
Suppose 5*b + 32 = 4*f, 2*b = 4*f + f - 23. Suppose f*p - 76 + 61 = 0. Suppose -5*j + 83 = -2*w, w - 9 + 28 = j. Calculate the highest common factor of j and p.
5
Let x(h) = 31*h**2 + 8*h + 14. Let i be x(-2). What is the greatest common factor of i and 61?
61
Let c(g) = -3*g**2 + 5*g. Let m(d) = -10*d**2 + 14*d. Let w(y) = 8*c(y) - 3*m(y). Let s be w(-1). What is the greatest common factor of s and 56?
8
Let t(g) = g**2 + 2*g + 3. Let p be t(0). Suppose p*s - 44 = -s. What is the greatest common divisor of 11 and s?
11
Let l(v) be the second derivative of -v**3/6 + 5*v**2/2 + 8*v. Let h be l(-8). Suppose 23 = a - h. Calculate the greatest common factor of 24 and a.
12
Let t be (-1)/(((-6)/396)/(3/6)). Suppose 0*w + 3*p - t = -w, -p = 1. Calculate the greatest common factor of w and 162.
18
Let u(x) = 320*x**2 + 33*x - 119. Let k be u(3). Calculate the greatest common divisor of k and 11.
11
Let x = -263 + 270. Let k be ((-70)/3)/((-1)/3). Let y be k*(-2)/8*-2. What is the greatest common divisor of x and y?
7
Suppose -5*o + 32 + 58 = 0. Let b = -568 + 304. Let v be b/(-18)*27/2. What is the highest common divisor of o and v?
18
Let m be (-142)/(-4) - (-2)/4. Suppose -w = -4*l, m = w + w + l. Suppose -12*q + 145 = 121. What is the highest common factor of w and q?
2
Let h(v) = -3*v - 20. Let s = 20 + -16. Let p(m) = -2*m**2 + 4*m + 2. Let d be p(s). Let g be h(d). Calculate the highest common factor of g and 22.
22
Suppose 2*t - 4 = 0, -3*w + 2*t - t + 7 = 0. Suppose -2*o + 5*c = -0*c + 49, -w*o - 3*c = 21. Let i = 20 + o. Calculate the highest common divisor of i and 8.
8
Let s be (-8)/(-14) + (-2782)/91. Let d be (-3)/((-12)/(-8)) + s/(-1). Let f(i) = 7*i. Let m be f(6). Calculate the highest common divisor of d and m.
14
Let l = -1004 + 1557. Calculate the greatest common divisor of 237 and l.
79
Let s be (-8)/144*4*-9. Calculate the greatest common factor of s and 34.
2
Let p = -5 + 8. Let o be 1/(-1) - (p + -6). Suppose 64 = o*x - 136. Calculate the greatest common factor of 40 and x.
20
Let n(a) = 7*a - 37. Let q be n(7). Calculate the greatest common divisor of q and 116.
4
Let i = 109 - 65. Suppose 0 - 7 = -q - 4*l, -2*q - 2*l = -8. Suppose -5*t = 2*v - 17, -4*v + q*t = 5*t - 42. What is the greatest common divisor of v and i?
11
Suppose 56*l - 54*l = 344. What is the greatest common divisor of 4 and l?
4
Suppose -2*k = a - 124, 4*a = -3*k - 59 + 235. Suppose 5*p - 32 = p. Calculate the highest common factor of p and k.
8
Let g be 150/(-2 + -1)*-10. Suppose -2*w = 8*w - g. What is the highest common divisor of 30 and w?
10
Let m be (1 + 0)*(-12)/(-2). Suppose 0 = -2*v + 26 + 106. Calculate the greatest common factor of m and v.
6
Let j(i) = -i**3 - 49*i**2 - 46*i + 119. Let l be j(-48). Let w(b) = 11*b**2 - 2*b. Let t be w(-4). Calculate the greatest common factor of l and t.
23
Let w = -2123 - -673. Let c = w - -4710. Let t be c/80 - (-6)/(-8). What is the highest common factor of t and 10?
10
Suppose 0 = 4*k + 3*b + 22 - 42, -2*k = -b. What is the highest common factor of 47 and k?
1
Suppose 0 = 2*r - f - 79, 0 = -3*r - 48*f + 53*f + 108. Calculate the highest common factor of 369 and r.
41
Suppose -3*s + 7*b = 3*b - 33, 4*s + 2*b = 66. Suppose -s = 3*u, -m - u = 3*u - 55. Let d = -12 - -37. What is the greatest common divisor of d and m?
25
Suppose 3*g = 5*g + u - 32, -5*u + 7 = g. Let r = -9 + g. Suppose -4*x + r = -4. What is the greatest common divisor of x and 15?
3
Let w be (1 - 7/4)/(6/(-2520)). What is the highest common factor of w and 45?
45
Let u be 0/(1 + -2) - -21. Let y = -115 - -119. Suppose -5*c + 826 = 3*f + 128, -5*f + 1151 = -y*c. Calculate the highest common divisor of f and u.
21
Suppose -2*b - 4*x + 188 = 0, 3*b = -x + 2*x + 268. Let q = b + -88. Calculate the highest common divisor of q and 18.
2
Suppose 4*z + l + 15 = 5*z, -2*l + 18 = z. What is the greatest common factor of z and 3?
1
Suppose 6*d = -4*d + 300. Suppose c = -u + 17, c + 3*u = 4*c - 21. Calculate the highest common divisor of c and d.
6
Let p(g) = -29*g - 359. Let k be p(-13). What is the highest common factor of 2682 and k?
18
Let y be (10/(-6))/(-8 - 855/(-108)). Calculate the highest common factor of 460 and y.
20
Let r(q) = 3*q - 12*q**2 - q**3 - 27 - 16*q + 19. Let d be r(-11). Calculate the greatest common factor of d and 14.
14
Let r(n) = -n**2 - 27*n + 18. Let a be r(-9). What is the greatest common factor of 225 and a?
45
Let m be -4 - -184 - (5 + -5 + 2). What is the greatest common factor of 267 and m?
89
Let m(v) = -2*v**3 + 13*v**2 - 2*v + 5. Let l be m(5). Calculate the greatest common factor of l and 210.
70
Let c = 556 + 1123. What is the greatest common divisor of 73 and c?
73
Let r(o) = o**2 - 29*o - 716. Let m be r(-16). Suppose -2*v + 6*v = 20. Suppose -v*y = -y - 16. What is the greatest common divisor of y and m?
4
Let y = -224 + 317. What is the greatest common divisor of y and 9?
3
Let y = 1 + 28. Suppose -5*n = -16 - y. Suppose 315 = -143*z + 150*z. Calculate the highest common divisor of n and z.
9
Let c(s) = -5*s + 3. Let f be c(-6). Let p = f - 27. What is the greatest common factor of 54 and p?
6
Suppose 4*q - 11 = 21. Suppose -i = -s + 87, 0 = i - 112 + 111. Calculate the highest common divisor of q and s.
8
Let c = -184 - -190. What is the greatest common divisor of c and 22?
2
Suppose -8 = 3*o + 2*a + 2*a, -o + 4 = -2*a. Suppose -w + 5*g + 18 + 87 = 0, o = -2*w - 4*g + 154. What is the highest common divisor of 17 and w?
17
Suppose 1281 = 3*n + 9*d - 12*d, 2*n - 884 = -4*d. What is the greatest common divisor of n and 72?
72
Let n be ((-6)/3 - -30) + -2. Let p(o) = 30*o + 12. Let j be p(14). Suppose -107 = 5*v - j. What is the greatest common divisor of v and n?
13
Suppose 0 = 4*v - 6*v + 116. What is the highest common divisor of 87 and v?
29
Suppose 2*h = 2*b - 43 - 17, 0 = 2*h - 3*b + 55. Let m = h - -347. Calculate the greatest common factor of m and 24.
24
Let o be (1/(-2))/((-1)/(-6)). Let c = o - -3. Let j be 3 + (21 - (3 - c)). Calculate the greatest common divisor of j and 231.
21
Let h(d) = -3*d**2 + 17*d + 9. Let i(u) = -4*u**2 + 18*u + 8. Let s(a) = 6*h(a) - 5*i(a). Let p be s(-7). Calculate the greatest common divisor of 7 and p.
7
Let x = -35 + 21. Let a be 16/(-56) - 1684/x. Calculate the highest common divisor of 30 and a.
30
Let o(q) = -q**3 - 3*q**2 + 6*q + 2. Let z be o(-4). Let c be 15*(1 - (-2)/z). Calculate the greatest common factor of c and 2.
2
Let s be (-3 - (-447)/(-15))/(4/(-20)). Calculate the highest common factor of s and 4.
4
Suppose 10*s - 13*s + 423 = 0. Let c(o) = -23*o**2 + 2*o + 3. Let i be c(-2). Let b = s + i. Calculate the highest common divisor of b and 120.
24
Let v(g) = -g**3 - 2*g + 34. L